*i**2 + 4*i. Let t be p(f). Let x = t - -42. What are the prime factors of x?
2, 3
Suppose 0 = 3*c + 4*p - 349, -4*c - 4*p = p - 464. List the prime factors of c.
3, 37
Suppose 7*b - 2*b - 135 = 0. What are the prime factors of b?
3
Let y = -85 - -156. List the prime factors of y.
71
Let k(h) = -h**2 + 17*h - 10. Let b(g) = -21 + 30*g + 3*g + 1 - 2*g**2. Let y(r) = 6*b(r) - 11*k(r). List the prime factors of y(8).
2, 7
Let v be 12/(-30) - (-44)/10. What are the prime factors of 26 - 0*(-2)/v?
2, 13
Let w = 2 + -2. Suppose 0 = -2*r + 4, 3*l - 15 = -w*r - 3*r. Suppose 22 = 3*f + l*g - 17, 0 = -4*f + 4*g + 36. List the prime factors of f.
11
Suppose 3 = p - 3*y, -2*p + 5*y = -4*p + 61. Let l be (-1)/3*-2*p. Suppose 4*s = 2*s + l. What are the prime factors of s?
2, 3
Let j = 51 + 41. Suppose 3*x - j = 25. List the prime factors of x.
3, 13
Let b(k) = 3*k - 5. List the prime factors of b(9).
2, 11
Let o = 10 - 0. What are the prime factors of o?
2, 5
Suppose -5*z + 648 = 3*i + i, 0 = i - 2*z - 162. Suppose 0 = -4*g + i - 30. Suppose -3*m + 3*k = k - 28, -3*k = 3*m - g. What are the prime factors of m?
2, 5
Let i = -9 - -14. Suppose i*k - f - 99 = 0, 0 = 3*f - 4*f + 1. List the prime factors of k.
2, 5
Let p(u) = 3*u - 3. Let k be p(2). Suppose 0 = k*q - 15 + 3. Let m = q - 2. What are the prime factors of m?
2
Let a(g) = 2*g + 4. Let o be a(-3). Suppose -3*n = 5*y - 2, -y = y - 4*n + 20. List the prime factors of 3 + o/y + 2.
2, 3
Suppose -v + 487 = 3*f, -2*f = -5*v - 385 + 49. What are the prime factors of f?
163
Let h(d) = 10*d + 27. List the prime factors of h(9).
3, 13
Let k(b) = -b**3 + 6*b**2 - 7*b - 1. What are the prime factors of k(4)?
3
Suppose -s = -5, -h - h + 75 = -3*s. Suppose -2*w = -7*w + h. List the prime factors of w.
3
Let k = 201 - 139. List the prime factors of k.
2, 31
Let u = 9 - 7. Let z = 1 + u. Suppose 4*g + 3*m - 16 = 13, -2*g + z*m = -1. List the prime factors of g.
5
Suppose 0 = -3*q + 4*r + 48 + 72, 2*r = -5*q + 226. List the prime factors of q.
2, 11
Suppose 123 - 23 = 3*b - 2*o, 0 = -5*b - 5*o + 125. What are the prime factors of b?
2, 3, 5
Suppose 40 = 3*c - 80. Suppose -2*g = -14 - c. Suppose -m = -4*m + g. List the prime factors of m.
3
Suppose -y + 2*y - 1 = 0. Let k be (-1)/y - -1 - 8. Let u = k - -12. What are the prime factors of u?
2
Suppose -3*i + 12 = 0, 2*g = 3*g + 3*i - 14. Suppose 4*s + 67 = -g*f + 245, -67 = -s - 5*f. What are the prime factors of s?
2, 3, 7
Let w be 30 + 1 + (0 - -1). Suppose m + w = 5*m. What are the prime factors of (-4)/5*(-60)/m?
2, 3
Suppose 0 = 2*j - 0 - 24. What are the prime factors of j?
2, 3
Suppose d + 14 = -3*t + 3, d = 2*t + 14. Let b = -9 + d. Let x = b + 9. What are the prime factors of x?
2
Let p = 42 + -1. Suppose p - 1 = 2*w. List the prime factors of w.
2, 5
Let y(z) = -z**2 + 6*z + 8. Let n = -4 + 10. Let p be y(n). Let d = -3 + p. What are the prime factors of d?
5
Suppose 0 = -3*i + 2*n + n + 63, -3*n = -2*i + 40. Let d = -6 + i. Let l = -8 + d. List the prime factors of l.
3
Let z(f) = 4*f - 7 - 3*f + 6 + 5*f**2 - 3*f**2. Suppose a = -5, -3*c - a + 19 = -3*a. What are the prime factors of z(c)?
2, 5
Let a(c) = -13*c**3 - 2*c**2 - c + 2. What are the prime factors of a(-2)?
2, 5
Suppose -g - 18 = -2*w, 3*w + 0*g = 3*g + 33. Let h be (-2)/w + (-115)/(-35). Suppose z - h*z = -24. What are the prime factors of z?
2, 3
Suppose c = 3*c - 50. Suppose -2*k + 89 = -c. What are the prime factors of k?
3, 19
What are the prime factors of (13 - (3 - 3))*3?
3, 13
Let k(u) = 4*u + 1. Suppose -4 = -5*j + 6. Suppose -2*v - 36 = -5*r + 2*v, -8 = j*v. What are the prime factors of k(r)?
17
Let m = 99 + 17. Let v be (-4)/14 + m/14. Suppose 2*y + 2 = v. What are the prime factors of y?
3
Suppose -q + 25 = 4*q. Suppose -1 = -m + 2*l, 0 = 2*m + 3*l - q*l - 12. List the prime factors of m.
11
Suppose -2*m - 11 = -35. What are the prime factors of m?
2, 3
Suppose 3*d - 3*y + 51 = 8*d, 2*y - 54 = -5*d. What are the prime factors of d?
2, 3
Let v be (-2 - -3) + 0 + 1. Suppose 11 = v*i + r - 21, 5*i = 4*r + 93. What are the prime factors of i?
17
Suppose -3*k - 4*u = -464, -5*k = 5*u - 2*u - 788. List the prime factors of k.
2, 5
Let x = -10 + 18. Suppose -3*d + x = -d. Suppose -j - 9 = -u - d*j, u - 9 = 4*j. What are the prime factors of u?
3
Suppose -55 - 25 = 5*s. Let c = s + 18. What are the prime factors of c?
2
Suppose 0 = -3*u + 2*u + 23. List the prime factors of u.
23
Suppose 2*x + 3*z = 2*z + 97, z - 5 = 0. What are the prime factors of x?
2, 23
Let m be 2/2 + -57 + -4. List the prime factors of m/(-16) + (-2)/(-8).
2
Let n be (2 - -2)*(-7)/2. Let x be ((-7)/n)/((-1)/4). Let v = 1 - x. List the prime factors of v.
3
Let h be -2*(-12)/(-8) + 9. Let a = h - 4. List the prime factors of a.
2
Let j(m) = 4*m**2 - 2*m + 2. List the prime factors of j(-4).
2, 37
Suppose -x + 2*q - 47 = 0, 2*x = x + 4*q - 49. Let r = x + 65. Suppose -f = -3*f - j + r, -2*f + 3*j = -28. List the prime factors of f.
11
Suppose -141 = -3*n - 5*h, -188 = -4*n + 4*h - 0*h. What are the prime factors of n?
47
Let s(v) = -3*v**2 - 9*v + 9. Let w(p) = p**2. Let d(i) = s(i) + 4*w(i). Let g(c) = 9*c + 1. Let k be g(1). List the prime factors of d(k).
19
Let m(n) = n**3 + 2*n**2 + 4*n**2 + 4*n**2 + 2 - n. Let a be m(-10). What are the prime factors of (4/(-6))/(a/(-198))?
11
Let l(a) = 5*a**2 - 2. List the prime factors of l(3).
43
Let d be (1 - 0) + 7/7. Suppose -3 - 3 = -d*o. Suppose 2*m + o*m = 15. What are the prime factors of m?
3
Suppose -124 = -4*h + 2*l, -h + 5*h + 2*l - 140 = 0. What are the prime factors of h?
3, 11
Suppose -u = -2*u + 70. Let v = -37 + u. What are the prime factors of v?
3, 11
Suppose 0 = -d + 5 + 9. What are the prime factors of (2/3)/(d/651)?
31
Let d(q) = 13*q + 4. Let v(r) = 7*r + 2. Let b(n) = 6*d(n) - 11*v(n). Let x = 0 + 6. List the prime factors of b(x).
2
Let v(m) = -m**2 - 6*m + 5. Let x be v(-4). Suppose -4*y + 24 - 1 = 5*f, 2*y + 3*f - x = 0. What are the prime factors of y?
2
Let g(t) = -8*t + 22. What are the prime factors of g(-5)?
2, 31
Let u(q) be the third derivative of q**6/120 - q**5/15 - 5*q**4/24 - q**3/2 + 6*q**2. What are the prime factors of u(6)?
3, 13
Let r(b) = b**2 - 10*b + 9. Let l be r(7). List the prime factors of l/30 - 77/(-5).
3, 5
What are the prime factors of 200/3 - (-8)/24?
67
Suppose 2 = -4*k + 10. Let h(m) = 2*m**2 - 4*m + 2. Let p be h(k). Suppose -p*z + 6 = -4. What are the prime factors of z?
5
Suppose -u + 0*u = -5. Suppose -10 = -u*y - 4*n, 0 = 7*y - 3*y - 4*n - 44. Suppose -3*q + 2*z = -10, z = -4*q + y*z + 11. List the prime factors of q.
2
Suppose 0 = 3*v - 384 - 120. What are the prime factors of v?
2, 3, 7
Let l(c) = -c + 1. Let i be l(0). What are the prime factors of 4*(i*-3)/(-3)?
2
What are the prime factors of 42 + 0 + 4/4?
43
Suppose 4*g - 23 - 217 = 0. List the prime factors of g.
2, 3, 5
Let v(d) = d**2 + 3*d + 2. Let r be v(-3). Suppose r*s + s - 36 = 0. What are the prime factors of s?
2, 3
Let u(f) = 2*f**2 + 6*f. Let q be u(-4). List the prime factors of 3/4 + 10/q.
2
Suppose 2*p - 1029 = -5*w, 1020 = 5*w + 8*p - 3*p. What are the prime factors of w?
3, 23
Let t(c) = -c**2 - 9*c + 14. Let f be t(-12). Let g = f - -53. List the prime factors of g.
31
Suppose -3 + 0 = q, u + q = -5. List the prime factors of 1/u*-4 - -8.
2, 5
Let q(v) = -v - 5. Let l be q(-5). Suppose -7 - 2 = 3*i. List the prime factors of 0 - (i + (l - 1)).
2
Let v = 312 - 122. What are the prime factors of v?
2, 5, 19
Let j = -8 + 9. Suppose -j = -4*q + 19, -2*c = q - 55. What are the prime factors of c?
5
Let m be 4/(-14) - 32/(-14). Let g be (m - 1) + (6 - 3). Suppose 2*u + 5*b + 1 = 0, 0 = -g*b - 11 - 1. List the prime factors of u.
7
List the prime factors of 276*4/4 + -1.
5, 11
Suppose -3*a - 148 = -5*y, -2*a = -2*y + 2*a + 48. List the prime factors of y.
2
Suppose l + 2*p = 83, -6*l + 2*p = -l - 439. What are the prime factors of l?
3, 29
Suppose -2 = -2*c + 8. What are the prime factors of c?
5
Suppose -5*i = -109 + 29. Suppose -3*d + i = 1. Suppose 47 = d*p + 12. What are the prime factors of p?
7
Let i = 48 - 8. Suppose 5*c - 92 = 3*f, c + 2*f + i = 3*c. Suppose 5*a - c = 14. List the prime factors of a.
2, 3
Let m(w) = 2*w**3 + 14*w**2 - 5*w